*3 - 11*z**2 + 31*z - 7. What is y(6)?
-1
Let d(j) = j + 2. Determine d(7).
9
Let m(c) = -c**3 + 11*c**2 - 8*c + 8. Calculate m(10).
28
Let p(t) = t**2 + 13*t + 4. Determine p(-9).
-32
Let u(k) = k**3 - 12*k**2 + 26*k + 14. Give u(9).
5
Let n(z) = -z**2 + 39*z - 234. What is n(7)?
-10
Let f(c) = c**3 - 2*c**2 - c - 2. Calculate f(-2).
-16
Let t(q) = -4*q + 1. Give t(1).
-3
Let n(j) = -j**2 + 12. Give n(4).
-4
Let f(w) = -w**2 - 24*w - 133. Give f(-15).
2
Let g(u) = u**2 - 38*u + 350. What is g(17)?
-7
Let a(p) = -2*p + 57. What is a(29)?
-1
Let s(d) = 7*d + 204. Give s(-27).
15
Let t(p) = -4*p + 89. Calculate t(22).
1
Let h(z) = -8*z**3 + z + 1. Determine h(1).
-6
Let u(t) = -t + 14. Calculate u(17).
-3
Let t(z) = -z**3 + 7*z**2 - 7*z - 2. Calculate t(6).
-8
Let m(s) = -4*s - 55. Give m(-15).
5
Let f(i) = -2*i**2 - 11*i + 26. Calculate f(-9).
-37
Let p(g) = -g - 10. Determine p(-12).
2
Let a(k) = -2*k**3 - 6*k**2 - 3*k - 19. Calculate a(-3).
-10
Let c(i) = i**3 + 33*i**2 - i - 33. Give c(-33).
0
Let h(l) = 11*l - 8. Give h(2).
14
Let m(h) = 2*h**3 - 106*h**2 + 106*h - 98. What is m(52)?
6
Let c(q) = -15*q + 25. Determine c(-7).
130
Let u(o) = -o. Give u(2).
-2
Let b(f) = -f**3 - 23*f**2 - 23*f - 22. Determine b(-22).
0
Let y(q) = 8*q + 51. Calculate y(-6).
3
Let w(f) = 6*f - 8. Determine w(-6).
-44
Let w(h) = h + 6. What is w(-16)?
-10
Let x(c) = c**2 - 13*c + 30. Determine x(11).
8
Let g(i) = -i**2 - 3*i + 7. Give g(3).
-11
Let z(l) = -12*l - 29. Determine z(-11).
103
Let i(m) = m**3 + 2*m**2 - 2*m + 3. What is i(-3)?
0
Let f(i) = 6*i + 53. Give f(-5).
23
Let j(c) = -c**3 - 10*c**2 - 8*c + 4. Determine j(-9).
-5
Let w(n) = -n**2 + 2*n + 127. Calculate w(12).
7
Let q(v) = -6*v - 7. Determine q(-8).
41
Let g(r) = -2*r**3 - 12*r**2 + 6*r + 10. Calculate g(-7).
66
Let l(s) = -s**3 - 16*s**2 + 18*s + 23. What is l(-17)?
6
Let j(k) = -k**2 + 11*k - 22. Give j(7).
6
Let o(f) = -f**3 + 3*f**2 - 3*f + 4. Calculate o(4).
-24
Let x(f) = 2*f**2 + 9*f + 9. Calculate x(-7).
44
Let w(a) = 4*a**3 - a**2 - 4*a + 2. Calculate w(2).
22
Let j(r) = r**2 + 7*r + 7. What is j(-5)?
-3
Let d(o) = -o + 12. Calculate d(6).
6
Let h(a) = a**3 + 12*a**2 + 9*a - 14. Determine h(-11).
8
Let s(i) = i**3 - 10*i**2 + i - 5. Determine s(10).
5
Let t(f) = f**3 + 3*f**2 - 2*f + 12. Give t(-4).
4
Let w(d) = -d + 5. Calculate w(13).
-8
Let h(k) = 11*k - 114. Determine h(13).
29
Let x(d) = -d**3 + 13*d**2 - 13*d + 17. Give x(12).
5
Let f(n) = 2*n**2 + 12*n. What is f(-5)?
-10
Let z(y) = y**3 - 13*y**2 + 13*y - 5. Calculate z(12).
7
Let g(m) = m**3 + 7*m**2 + 12*m + 5. Give g(-5).
-5
Let g(j) = 3*j**3 - 3*j**2 - 2*j. What is g(-1)?
-4
Let h(p) = -p**3 - 10*p**2 - 8*p + 11. Calculate h(-9).
2
Let q(k) = -20*k**3 + k**2 - k - 1. Give q(-1).
21
Let h(v) = 11*v - 20. Calculate h(2).
2
Let i(a) = -a**2 + 9*a - 10. Calculate i(5).
10
Let f(r) = -r**3 - 4*r**2 + 5*r - 3. Give f(-5).
-3
Let w(a) = a + 8. Determine w(-6).
2
Let u(w) = -w**2 - 5*w + 1. Determine u(0).
1
Let m(l) = -l**3 + 3*l**2 - 6*l + 4. Calculate m(2).
-4
Let p(l) = -2*l**3 + 5*l**2 + 7. What is p(-3)?
106
Let f(t) = -t + 4. Give f(3).
1
Let y(v) = -4*v + 6. Calculate y(4).
-10
Let j(w) = 5*w + 57. Give j(-10).
7
Let s(r) = -r**3 + 4*r**2 + r + 2. Give s(3).
14
Let z(i) = i**2 + 9*i + 27. What is z(-4)?
7
Let m(h) = h**3 + 9*h**2 + 8*h + 15. Calculate m(-7).
57
Let t(u) = 4*u**3 - u**2 - 1. Determine t(1).
2
Let b(y) = y**2 - 5*y - 5. Determine b(7).
9
Let t(h) = -h**3 - 10*h**2 - 13*h - 3. Determine t(-9).
33
Let t(d) = d**3 - 19*d**2 + 3. Give t(19).
3
Let l(j) = -6*j**2 - j - 5. Determine l(-6).
-215
Let u(b) = -b**2 - 17*b + 17. What is u(-18)?
-1
Let n(u) = -u**2 + 8*u + 12. Give n(-5).
-53
Let k(r) = r**2 + 5*r - 92. What is k(-13)?
12
Let q(p) = p**3 + p**2 + 2. Give q(-2).
-2
Let m(j) = j**3 - 6*j**2 + 3*j - 1. Calculate m(6).
17
Let q(h) = h**2 + 15*h + 15. Determine q(-10).
-35
Let p(s) = -2*s + 6. Calculate p(-7).
20
Let s(z) = -2*z**2 + 17*z - 3. What is s(8)?
5
Let s(j) = -4*j + 3. Determine s(5).
-17
Let n(p) = -8*p**3 - p**2 - p - 2. Give n(2).
-72
Let j(o) = 4*o**2 + 9*o + 27. Determine j(-4).
55
Let o(c) = -18*c - 111. Calculate o(-6).
-3
Let i(d) = -d**3 + 7*d**2 - 4*d - 13. Calculate i(6).
-1
Let h(s) = 2*s + 22. Give h(-9).
4
Let k(v) = -v**3 + 7*v**2 + 10*v - 10. Determine k(8).
6
Let b(r) = -r**3 + 8*r**2 + 4*r + 41. What is b(9)?
-4
Let l(h) = -2*h + 2. What is l(7)?
-12
Let f(v) = -v**3 - 3*v**2 + 4*v + 3. Give f(-2).
-9
Let n(i) = 19*i + 2. Calculate n(1).
21
Let t(y) = 2*y**2 - 3*y + 2. Determine t(4).
22
Let s(g) = -g**3 - 8*g**2 - 8*g + 19. What is s(-6)?
-5
Let b(n) = 4*n + 2. Calculate b(-9).
-34
Let m(q) = -2*q - 15. Give m(-7).
-1
Let m(f) = -7*f**2 + 1. What is m(-1)?
-6
Let n(l) = 6*l**2 - 3*l - 21. What is n(4)?
63
Let u(c) = -c + 5. Determine u(13).
-8
Let k(b) = b**2 + b + 5. Give k(-3).
11
Let k(p) = -p**3 - 3*p**2 - 2*p + 3. Give k(-4).
27
Let z(l) = l**2 - 22*l + 21. Give z(14).
-91
Let o(b) = -b**3 + 8*b**2 + 9*b - 7. Calculate o(9).
-7
Let t(v) = v**2 - 13*v + 30. Determine t(9).
-6
Let z(n) = n + 1. Give z(-8).
-7
Let q(t) = -t**2 + 8*t - 4. Calculate q(9).
-13
Let r(a) = 2*a**2 - 4*a + 38. What is r(5)?
68
Let a(d) = -d**2 + 22*d - 13. Give a(14).
99
Let t(a) = 81*a + 1215. Determine t(-15).
0
Let f(n) = -3*n + 3. Calculate f(-3).
12
Let u(m) = m**3 - 11*m**2 - 14*m - 18. What is u(12)?
-42
Let s(a) = -2*a + 58. What is s(-11)?
80
Let u(h) = h**2 + 2*h + 6. What is u(-2)?
6
Let p(d) = -d**2 - 1. Give p(3).
-10
Let j(n) = 6*n + 4. Give j(-4).
-20
Let f(k) = -k**3 + k**2 - 2*k + 3. Calculate f(1).
1
Let d(r) = -r**2 - 10*r + 18. What is d(6)?
-78
Let v(i) = -i**3 - 40*i**2 + 39*i - 80. What is v(-41)?
2
Let n(j) = -16*j + 22. Calculate n(5).
-58
Let z(h) = -h**3 + 6*h**2 + 6*h - 1. Calculate z(-1).
0
Let k(q) = -q**3 + 6*q**2 - 15. What is k(5)?
10
Let o(m) = m**2 + 15*m + 8. What is o(-11)?
-36
Let c(g) = g - 4. Give c(5).
1
Let a(w) = w**3 + 11*w**2 + 12*w + 3. Calculate a(-10).
-17
Let k(n) = -n**2 - 8*n - 11. Calculate k(-6).
1
Let l(h) = -8*h + 2. What is l(2)?
-14
Let s(g) = -122*g - 856. Determine s(-7).
-2
Let a(q) = q**2 - 24*q + 103. Give a(17).
-16
Let q(j) = 2*j**2 - 5*j + 1. Calculate q(-4).
53
Let o(b) = -b**3 - 3*b**2 + 6*b + 2. Determine o(-4).
-6
Let k(a) = a**3 - 6*a**2 + 6*a + 3. Determine k(5).
8
Let l(f) = -3*f - 1. Calculate l(1).
-4
Let q(l) = -l**2 - 11*l - 5. Calculate q(-8).
19
Let d(i) = 5*i - 20. Give d(6).
10
Let d(v) = -v**2 + 4*v + 54. Calculate d(10).
-6
Let l(j) = j**3 + 11*j**2 + 7*j - 10. Determine l(-10).
20
Let b(v) = v**2 - 17*v + 28. Give b(15).
-2
Let a(w) = 13*w - 65. Give a(6).
13
Let z(j) = -j**3 + 4*j**2 + 3*j - 5. Determine z(4).
7
Let z(u) = -4*u - 11. Give z(3).
-23
Let m(g) = 7*g**2 + 13. Calculate m(3).
76
Let i(c) = c**3 - 13*c**2 + 2*c - 24. Determine i(13).
2
Let o(g) = -14*g**2 - 87*g - 7. Calculate o(-6).
11
Let m(t) = 2*t**2 - 6*t + 8. Determine m(3).
8
Let q(p) = -p**2 + 9*p + 15. Calculate q(11).
-7
Let u(a) = -a**3 - 7*a**2 - 7*a - 1. What is u(-6)?
5
Let x(a) = -8*a - 1. What is x(-1)?
7
Let z(c) = 89*c**2 + 2*c - 1. What is z(1)?
90
Let t(a) = -a**3 + 8*a**2 - 6*a + 14. Determine t(7).
21
Let z(c) = -4*c + 39. Give z(6).
15
Let y(o) = o**3 - 3*o**2 - 6*o + 2. Give y(6).
74
Let x(q) = q**2 + 16*q - 115. What is x(-21)?
-10
Let x(a) = -a**3 - 11*a**2 + 28*a - 14. Calculate x(-13).
-40
Let j(u) = -9*u - 8. Calculate j(-2).
10
Let q(z) = z**3 + 5*z**2 + 2*z - 3. Calculate q(-3).
9
Let j(x) = x**3 - x**2 + 2*x. Give j(3).
24
Let w(y) = 7*y**3 - y**2 + 7*y + 9. Determine w(-1).
-6
Let p(x) = -9*x + 86. Determine p(5).
41
Let n(r) = r**3 - 9*r**2 + 16*r - 12. What is n(8)?
52
Let q(f) = 20*f**3 - f**2 + 1. Calculate q(-1).
-20
Let l(p) = p - 34. Calculate l(12).
-22
Let g(o) = -o + 23. Determine g(0).
23
Let o(r) = r**2 - 5. Calculate o(3).
4
Let c(j) = -j**3 - 2*j + 7. What is c(0)?
7
Let b(h) = -h**3 - 5*h**2 - 6. Determine b(-5).
-6
Let y(j) = -22*j**2 + j. Give y(-1).
-23
Let p(y) = 5*y - 56. Calculate p(8).
-16
Let m(q) = -9*q + 2. Give m(5).
-43
Let f(x) = x**2 - 6*x - 2. Determine f(4).
-10
Let p(o) = o**2 + 21*o + 18. Calculate p(-20).
-2
Let g(h) = -h**2 + 12*h + 19. Give g(10).
39
Let y(m) = -3*m + 30. What is y(17)